nder when 309 is divided by 43.
8
What is the remainder when 503 is divided by 37?
22
What is the remainder when 1045 is divided by 170?
25
Calculate the remainder when 38 is divided by 14.
10
Calculate the remainder when 3118 is divided by 156.
154
What is the remainder when 136 is divided by 22?
4
Calculate the remainder when 59 is divided by 37.
22
What is the remainder when 147 is divided by 37?
36
What is the remainder when 930 is divided by 36?
30
What is the remainder when 1207 is divided by 13?
11
What is the remainder when 4128 is divided by 17?
14
What is the remainder when 419 is divided by 105?
104
What is the remainder when 81 is divided by 26?
3
What is the remainder when 316 is divided by 99?
19
Calculate the remainder when 693 is divided by 87.
84
Calculate the remainder when 6435 is divided by 280.
275
What is the remainder when 3361 is divided by 376?
353
Calculate the remainder when 296 is divided by 86.
38
Calculate the remainder when 701 is divided by 39.
38
Calculate the remainder when 12 is divided by 2.
0
Calculate the remainder when 68 is divided by 23.
22
What is the remainder when 964 is divided by 46?
44
What is the remainder when 3949 is divided by 92?
85
Calculate the remainder when 23890 is divided by 26.
22
Calculate the remainder when 897 is divided by 24.
9
Calculate the remainder when 73 is divided by 13.
8
What is the remainder when 417 is divided by 35?
32
Calculate the remainder when 35879 is divided by 11.
8
Calculate the remainder when 406 is divided by 104.
94
Calculate the remainder when 92 is divided by 36.
20
Calculate the remainder when 457 is divided by 5.
2
Calculate the remainder when 62 is divided by 33.
29
Calculate the remainder when 1917 is divided by 32.
29
Calculate the remainder when 12427 is divided by 239.
238
Calculate the remainder when 6069 is divided by 66.
63
What is the remainder when 440 is divided by 124?
68
Calculate the remainder when 97 is divided by 69.
28
Calculate the remainder when 702 is divided by 10.
2
What is the remainder when 281 is divided by 47?
46
What is the remainder when 2811 is divided by 97?
95
Calculate the remainder when 298 is divided by 138.
22
What is the remainder when 867 is divided by 62?
61
Calculate the remainder when 1154 is divided by 68.
66
Calculate the remainder when 3302 is divided by 10.
2
Calculate the remainder when 13430 is divided by 184.
182
Calculate the remainder when 575 is divided by 91.
29
Calculate the remainder when 1489 is divided by 14.
5
Calculate the remainder when 212 is divided by 75.
62
What is the remainder when 789 is divided by 66?
63
Calculate the remainder when 2918 is divided by 726.
14
Calculate the remainder when 418 is divided by 35.
33
Calculate the remainder when 133 is divided by 27.
25
Calculate the remainder when 110 is divided by 50.
10
What is the remainder when 926 is divided by 10?
6
Calculate the remainder when 405 is divided by 34.
31
What is the remainder when 483 is divided by 4?
3
Calculate the remainder when 5906 is divided by 33.
32
Calculate the remainder when 116 is divided by 9.
8
Calculate the remainder when 105 is divided by 103.
2
Calculate the remainder when 177 is divided by 7.
2
Calculate the remainder when 1721 is divided by 123.
122
Calculate the remainder when 77 is divided by 30.
17
Calculate the remainder when 125 is divided by 16.
13
Calculate the remainder when 54 is divided by 50.
4
Calculate the remainder when 67 is divided by 58.
9
What is the remainder when 499 is divided by 276?
223
What is the remainder when 330 is divided by 68?
58
Calculate the remainder when 441 is divided by 205.
31
What is the remainder when 929 is divided by 26?
19
Calculate the remainder when 97 is divided by 25.
22
Calculate the remainder when 3287 is divided by 37.
31
What is the remainder when 10380 is divided by 221?
214
What is the remainder when 192 is divided by 179?
13
Calculate the remainder when 402 is divided by 26.
12
What is the remainder when 3624 is divided by 13?
10
Calculate the remainder when 114 is divided by 111.
3
What is the remainder when 497 is divided by 125?
122
Calculate the remainder when 304 is divided by 18.
16
Calculate the remainder when 103 is divided by 52.
51
What is the remainder when 559 is divided by 97?
74
Calculate the remainder when 17180 is divided by 83.
82
Calculate the remainder when 565 is divided by 100.
65
Calculate the remainder when 214 is divided by 7.
4
Calculate the remainder when 853 is divided by 172.
165
What is the remainder when 321 is divided by 262?
59
Calculate the remainder when 434 is divided by 24.
2
What is the remainder when 3026 is divided by 102?
68
What is the remainder when 1750 is divided by 103?
102
Calculate the remainder when 3613 is divided by 9.
4
What is the remainder when 9517 is divided by 2379?
1
What is the remainder when 60 is divided by 52?
8
What is the remainder when 817 is divided by 63?
61
Calculate the remainder when 2053 is divided by 158.
157
What is the remainder when 41 is divided by 23?
18
What is the remainder when 245 is divided by 80?
5
What is the remainder when 195 is divided by 69?
57
Calculate the remainder when 1473 is divided by 41.
38
What is the remainder when 438 is divided by 90?
78
What is the remainder when 373 is divided by 32?
21
What is the remainder when 3220 is divided by 179?
177
What is the remainder when 193 is divided by 28?
25
Calculate the remainder when 277 is divided by 85.
22
Calculate the remainder when 2108 is divided by 111.
110
Calculate the remainder when 373 is divided by 34.
33
What is the remainder when 199 is divided by 50?
49
What is the remainder when 1384 is divided by 173?
0
What is the remainder when 42 is divided by 14?
0
What is the remainder when 7974 is divided by 995?
14
Calculate the remainder when 378 is divided by 32.
26
Calculate the remainder when 15551 is divided by 243.
242
Calculate the remainder when 11679 is divided by 10.
9
What is the remainder when 235 is divided by 34?
31
What is the remainder when 431 is divided by 112?
95
What is the remainder when 364 is divided by 73?
72
Calculate the remainder when 125 is divided by 65.
60
What is the remainder when 161 is divided by 2?
1
Calculate the remainder when 194 is divided by 7.
5
What is the remainder when 179 is divided by 24?
11
What is the remainder when 1453 is divided by 122?
111
What is the remainder when 303 is divided by 102?
99
What is the remainder when 329 is divided by 33?
32
Calculate the remainder when 2853 is divided by 288.
261
What is the remainder when 2220 is divided by 49?
15
What is the remainder when 99 is divided by 20?
19
What is the remainder when 298 is divided by 30?
28
Calculate the remainder when 239 is divided by 54.
23
Calculate the remainder when 897 is divided by 41.
36
What is the remainder when 212 is divided by 27?
23
Calculate the remainder when 2637 is divided by 270.
207
What is the remainder when 100 is divided by 72?
28
What is the remainder when 167 is divided by 25?
17
Calculate the remainder when 1110 is divided by 186.
180
Calculate the remainder when 79 is divided by 23.
10
Calculate the remainder when 2511 is divided by 16.
15
Calculate the remainder when 14796 is divided by 40.
36
What is the remainder when 920 is divided by 21?
17
What is the remainder when 372 is divided by 15?
12
Calculate the remainder when 83 is divided by 17.
15
Calculate the remainder when 634 is divided by 420.
214
What is the remainder when 198 is divided by 67?
64
Calculate the remainder when 469 is divided by 94.
93
What is the remainder when 1348 is divided by 34?
22
Calculate the remainder when 4516 is divided by 20.
16
What is the remainder when 174 is divided by 62?
50
Calculate the remainder when 578 is divided by 20.
18
Calculate the remainder when 1032 is divided by 11.
9
What is the remainder when 158 is divided by 5?
3
What is the remainder when 47 is divided by 28?
19
Calculate the remainder when 225 is divided by 42.
15
What is the remainder when 39044 is divided by 285?
284
Calculate the remainder when 163 is divided by 33.
31
Calculate the remainder when 63 is divided by 63.
0
Calculate the remainder when 81 is divided by 32.
17
What is the remainder when 1444 i